ppose -12*o + 1556 = 248. What is the units digit of o?
9
Let y(d) = 16*d**2 - 7*d + 6. What is the units digit of y(9)?
9
Let l(w) = -45*w. Let x be l(-1). Let t = x - 24. What is the units digit of t?
1
Let o be (3/6)/(1/4). Let y(a) = -12*a**o + 9*a**2 - 8 + 4*a**2. What is the tens digit of y(6)?
2
Let g = -1119 + 1597. What is the units digit of g?
8
Let y = 8 + -6. Let n be -1 + y - (-24 - -5). Suppose -2*i = 3*i - n, t - 4*i + 5 = 0. What is the units digit of t?
1
Suppose 80376 = -20*b + 71*b. What is the hundreds digit of b?
5
Suppose l + 14 = -3*q, l - 28 = 2*q - 3*l. Let k be q/2 + 2 + 24. Let s = 8 + k. What is the units digit of s?
1
Let f = -1212 - -2766. Suppose 10*i + f = 17*i. What is the units digit of i?
2
Suppose 4*m - 55 = -187. Let t be ((-2 - 5)/(-14))/(2/364). Let d = t + m. What is the units digit of d?
8
Let d(t) = 3*t**2 - 8*t + 20. Let z(y) = 2*y**2 + 2*y**2 + 24 - 3 - 7*y. Let h(g) = 5*d(g) - 4*z(g). What is the units digit of h(-13)?
3
Let h(u) = -6*u**3 + u**2 - 23*u - 13. What is the hundreds digit of h(-6)?
4
Let v(y) = -y**2 + 11*y - 19. Let r be v(8). Suppose -r*u + 2 + 390 = 3*p, 5*p = -4*u + 324. What is the units digit of u?
6
Suppose 5*s = 8*s + 9. What is the tens digit of 1/(-2)*((1 - s) + -208)?
0
Let l = 24 + -36. Let y be 87/l*(-2 - 2). Let t = y + -3. What is the tens digit of t?
2
Let u(g) = g**3 + 7*g**2 + 4*g - 8. Let t be u(-6). Suppose 11 = 3*i - t. Suppose -i*v = -37 + 7. What is the units digit of v?
6
Let x(o) = -166*o - 198. What is the thousands digit of x(-21)?
3
What is the hundreds digit of (4/(-3) + 2)/(2/3345)?
1
Let h(y) = y**3 + 10*y**2 + 7*y - 1. Let c be h(-6). Suppose -s + 4*i + c = 0, 3*s - 4*i = 4*s - 69. What is the units digit of s?
5
Suppose 6 = 2*r, -c + 124 = 4*r - 47. What is the hundreds digit of c?
1
Let y = 2278 + -1205. What is the hundreds digit of y?
0
Suppose -3*o = -5*u - 1838, -4*o + u = -2*u - 2458. Suppose -f + 4*t + o = 2*f, 4*t = -4. What is the tens digit of f?
0
Suppose c + 4*c + 40 = 5*h, 4*c - 2*h + 30 = 0. Let w = c + 33. What is the units digit of w?
6
Let s be (5 - 0) + 18/(-2). What is the tens digit of ((-22)/11)/(-1*s/(-126))?
6
Let t(p) = 2*p**2 - 5*p - 6. Let j be t(6). Suppose -13*y + j = -11*y. What is the units digit of y?
8
Suppose -30 - 190 = -10*f. What is the units digit of 17*(-11)/f*(-3 - -1)?
7
Let x(t) = 2*t**3 - 62*t + 55*t - t**2 + 2 + 4*t**3. Let a(j) = 7*j**3 - 2*j**2 - 8*j + 2. Let l(p) = -5*a(p) + 6*x(p). What is the units digit of l(-4)?
0
Suppose 5*c = 2*j - 30 - 17, 59 = 3*j + 4*c. Suppose j*n = 19*n + 212. What is the tens digit of n?
0
Let p be 4/(-6) - 1474/(-33). Let k(x) = -4*x + 7. Let z be k(6). Let j = z + p. What is the units digit of j?
7
Let h(s) = -2*s - 22 + 6*s - 3*s + 4. Let f be h(12). What is the tens digit of f/2 - 0 - -22?
1
What is the tens digit of 132/1122 - (-33078)/68*2?
7
Let f = 364 - 182. Let k = f - 122. What is the units digit of k?
0
Let w = -132 - -617. What is the tens digit of w?
8
Suppose -1944 = -2*s - 4*m, 5*s = 4*m + 2619 + 2213. What is the tens digit of s?
6
Let l = 1472 + -1042. What is the hundreds digit of l?
4
Let p be (3 - 11/3)*(-30)/4. Suppose 10 = 5*k, p*j - 3*k + 7*k - 168 = 0. What is the tens digit of j?
3
Suppose 4*b - 3 = -5*g, -3*g - 5*b - 4 = 2. Suppose -v - g*v = 0. Suppose -3*t + f + 19 = v, 4*t + 3*f - 28 = 7*f. What is the units digit of t?
6
What is the hundreds digit of 1/((6/(-12)*2)/(-2513))?
5
Let u = 8 + -4. Suppose 3*y - 812 = -u*y. What is the tens digit of y?
1
Suppose -8*q + 5143 = -6521. What is the tens digit of q?
5
Let h(s) = 43 + 7*s - 17 - 16 - s**3 - s**2. What is the units digit of h(-5)?
5
Let h(v) = 7*v + 11*v - v**2 - 16 - v - 3*v. What is the units digit of h(7)?
3
What is the units digit of 4*(5043/12 + 3 - -1)?
7
Let v be (-2)/((-3)/(-6)*-1). Let w(z) = 7*z - 23. Let h be w(6). Suppose -3*t = 2*t - 25, 5*t + h = v*i. What is the units digit of i?
1
Let i(r) = 116*r**3 + r**2 - 18*r + 33. What is the tens digit of i(2)?
2
Let z(m) = 4*m - 8. Let h(o) be the third derivative of o**4/8 - 3*o**3/2 - 3*o**2. Let b(t) = -5*h(t) + 4*z(t). What is the units digit of b(0)?
3
Let b be -13*1 + -4 + 4. Let q = b - -8. Let f(g) = g**2 + 5*g + 1. What is the units digit of f(q)?
1
Let t be 4*14/8 + -3. Suppose o - 2*n - 84 = 16, t*o = -4*n + 340. Let x = o + -55. What is the units digit of x?
5
Let n(c) be the first derivative of -c**2 - 2/3*c**3 + 4 - 2*c - 3/4*c**4. What is the units digit of n(-2)?
8
Let o = -568 - -1069. What is the units digit of o?
1
What is the hundreds digit of 7 - -1209 - (-5)/(-10)*2?
2
Suppose -4*r + 2*g - 4*g - 234 = 0, 0 = -5*r + 5*g - 255. Suppose 2*s = 4*u + 32, s + 0*s + 3*u = 1. What is the tens digit of r/6*(-15)/s?
1
Suppose 0 = 119*n - 111*n - 7512. What is the tens digit of n?
3
Let l = -833 - -1667. What is the tens digit of l?
3
Let a(w) = -w**2 + 4*w + 7. Let z be a(5). Suppose -18 = -5*j - 2*i, 4*j = -z*i - i + 20. Suppose -6 + 18 = 3*b, -m = -j*b. What is the units digit of m?
8
Let q(t) = 20*t**2 + 2*t - 6. Let j be q(-4). What is the tens digit of j/(4 - 1) - 1/1?
0
Suppose -3 = 3*y, 3 = -2*s - 5*y - 2. Suppose 0 = -3*d + 2*p + 111, 2*d - p - p - 74 = s. What is the units digit of d?
7
Let y be -3 + (-49 + 4)*-2. Suppose -3*w + y + 36 = 2*b, -2*b = 0. Let m = 95 - w. What is the units digit of m?
4
Let k = 49 - 35. Suppose n - 6 = k. What is the tens digit of n?
2
Suppose -727 = -8*n + 529. What is the units digit of n?
7
Suppose 6 = -3*w + 33. Suppose 2*c - 16 = -5*j, -5*j - 3*c - w = -23. Suppose -3*l + 2*o + 39 + 68 = 0, 4*o = j*l - 140. What is the tens digit of l?
3
Let m be 5 + (-66)/(-1 - 0). Suppose 0 = 5*d - x + 6*x - 305, -m = -d + 4*x. What is the units digit of d?
3
Suppose -121 = 4*l - 1345. What is the tens digit of l?
0
Let j be 1*3/(-9) + (-14)/(-6). Suppose -2*h + 317 = i, 0*i + j*h = i - 325. What is the units digit of i?
1
Let m be 10/(-2)*(-4)/10. Let b(p) = -5*p - 9 - p**3 + 10*p**2 + 8 - p**m. What is the tens digit of b(8)?
2
Suppose 1 = 3*j + 3*r + 76, -3*j = -2*r + 50. Let y be 377/3 - j/60. Let k = y + -82. What is the units digit of k?
4
Let p = 79 - 59. Let w(n) = -n**2 + 22*n - 30. What is the units digit of w(p)?
0
Let r = 10 + -14. Let f be 15/4 + r/(-16). Suppose -v - f + 38 = 0. What is the tens digit of v?
3
Suppose -7*u = 2*u - 486. Let r = u + -32. What is the units digit of r?
2
Suppose -3*r - f = 31 + 3, -4*r + f - 43 = 0. Let g = -9 - r. Suppose g*x + 3*x - 85 = 0. What is the units digit of x?
7
Suppose -13 = -2*v - 7. Suppose -288 = v*j - 6*j. What is the tens digit of j?
9
Let y be (-8)/6*(-48)/32. Suppose 5*o + 4*w = 164, 0*o - o + 44 = -y*w. What is the tens digit of o?
3
Let i = -22 - -23. Suppose 4*z + i = -15. Let h = z - -13. What is the units digit of h?
9
Let u = -5 - -10. Suppose 2*v = 3*h - 172, -2*h + h = u*v - 29. What is the units digit of (-12)/(-9)*h/3?
4
Suppose 4*c - 482 = 714. What is the units digit of c?
9
Let z = -133 - -109. Suppose 6*r - r - 275 = -5*o, -2*r = o - 52. Let x = o + z. What is the tens digit of x?
3
Let j = 72 + -64. Suppose -3*h + j - 2 = 0, 3*o - 3*h = 237. What is the tens digit of o?
8
Let a be 1912/(-60) + (-6)/45. Let t = 23 + a. Let c = 34 + t. What is the units digit of c?
5
Let a = 2 - 11. Let v(z) = 75*z**3 - 76*z**3 + 4*z - 2*z**2 - 6*z**2 - 11. What is the units digit of v(a)?
4
Let g(y) = 3*y**3 - 2*y**2 + 5*y + 16. Let t be g(-3). What is the tens digit of t/(5/(-2) - -2)?
9
Let p(c) = -5*c**3 - 120*c**2 - 2*c - 29. What is the units digit of p(-25)?
6
Suppose 16*g - 2*g + 9492 = 0. What is the tens digit of (-3)/4 - (g/8 + 4)?
8
Suppose 3*a - 2871 = -5*k, 5*a = 6*a + 3. What is the hundreds digit of k?
5
Let a = 627 - -90. What is the units digit of a?
7
What is the units digit of 398 + 1 + -2 + -1?
6
Let g be 2 + (21 - (-12)/(-4)). Suppose 2*m = 50 + g. What is the units digit of m?
5
Let w(g) = 46*g**2 + 25*g - 28. What is the tens digit of w(-6)?
7
Let o(a) = 14*a**2 + 28*a - 353. What is the hundreds digit of o(12)?
9
Let v(d) = d**3 - 14*d**2 + d - 10. Let c be v(14). Suppose -a + 160 = 2*a + 4*n, c*n - 4 = 0. What is the units digit of a?
2
Let k(n) = 8*n + 16. Let l(u) = 17*u + 32. Suppose 4*m + d - 23 = 6*d, 3*m